{"id":42,"date":"2023-10-05T19:37:30","date_gmt":"2023-10-05T19:37:30","guid":{"rendered":"https:\/\/8570jazzclub.ch\/wordpress\/?page_id=42"},"modified":"2025-03-25T06:17:56","modified_gmt":"2025-03-25T06:17:56","slug":"vergangene-konzerte","status":"publish","type":"page","link":"https:\/\/8570jazzclub.ch\/index.php\/vergangene-konzerte\/","title":{"rendered":"Vergangene Konzerte"},"content":{"rendered":"\n<div class=\"wp-block-columns is-layout-flex wp-container-core-columns-is-layout-9d6595d7 wp-block-columns-is-layout-flex\">\n<div class=\"wp-block-column is-layout-flow wp-block-column-is-layout-flow\" style=\"flex-basis:70%\">\n<p style=\"padding-top:0;padding-right:0px;padding-bottom:0;padding-left:0px;font-size:13px\">Freitag 21. M\u00e4rz 2025 &#8211; Skyjack &#8211; im goldenen Dachs<br>Freitag 14. Februar 2025 &#8211; Simon Spiess Helio &#8211; im goldenen Dachs<br>Freitag 10. Januar 2025 &#8211; Bodan Art Orchestra &#8211; Rathaussaal<br>Freitag 29. November 2024 &#8211; Ronin &#8211; im goldenen Dachs<br>Freitag 27. September 2024 &#8211; Claude Diallo Situation &#8211; im goldenen Dachs<br>Freitag 31. Mai 2024 &#8211; Manon Mullener 5tet &#8211; im eiszueis<br>Freitag 26. April 2024 &#8211; Pfistermen&#8217;s Friends &#8211; im eiszueis<br>Freitag 22. M\u00e4rz 2024 &#8211; Mareille Merk &#8211; Larus &#8211; im eiszueis<br>Freitag 23. Februar 2024 &#8211; Claude Diallo Situation &#8211; im eiszueis<br>Freitag 19. Januar 2024 &#8211; Bodan Art Orchestra &#8211; Rathaussaal<br>Samstag 11. November 2023 &#8211; KLARO! &#8211; in der Musikschule<br>Sonntag 4. Juni 2023 &#8211; SOFIA &#8211; im eiszueis<br>Freitag 28. April 2023 &#8211; Swan.tje &#8211; im eiszueis<br>Freitag 17. M\u00e4rz 2023 &#8211; Caroline Ferrara Quartett &#8211; im eiszueis<br>Freitag 13. Januar 2023 &#8211; Bodan Art Orchestra &#8211; Traubensaal<br>Samstag 12. November 2022 &#8211; KLARO &#8211; im Rathaussaal &#8211; ABGESAGT<br>Samstag, 5. November 2022 &#8211; Luciana Morelli Grupo &#8211; im eiszeis<br>Sonntag, 22. Mai 2022 &#8211; SOFIA &#8211; in der Musikschule<br>Freitag, 20. Mai 2022 &#8211; Where&#8217;s Africa &#8211; im eiszueis<br>Freitag, 13. Mai 2022 &#8211; Rotwelsch &#8211; im eiszueis<br>Freitag 29. April 2022 &#8211; Bodan Art Orchestra &#8211; im Blaswerk<br>Freitag 11. M\u00e4rz 2022 &#8211; Woodoism &#8211; im eiszueis<br>Freitag 11. Februar 2022 &#8211; Ikarus &#8211; im eiszueis<br>Samstag 11. Dezember 2021 &#8211; B\u00f6hringer &#8211; Paz &#8211; Jimenez &#8211; ABGESAGT<br>Samstag 4. Dezember 2021 &#8211;\u00a0<a href=\"https:\/\/www.ladyva.com\/\" target=\"_blank\" rel=\"noreferrer noopener\">Ladyva<\/a>\u00a0&#8211; im eiszueis<br>Freitag 26 .November 2021 &#8211; GV &#8211; Kali Trio -im eiszueis<br>Samstag 18. September 2021 &#8211; Niculin Janett Ensemble &#8211; im eiszueis<br>Freitag 7. Mai 2021 \u2013 Spieltrieb \u2013 im eiszueis &#8211; ABGESAGT<br>Freitag 23. April 2021 \u2013 Woodoism \u2013 im eiszueis &#8211; ABGESAGT<br>6. M\u00e4rz 2021\u00a0<strong>\u2013<\/strong>\u00a0Latinovum\u00a0<strong>\u2013<\/strong>\u00a0im Blaswerk &#8211; VERSCHOBEN &#8211; Datum folgt\u00a0<br>5. M\u00e4rz 2021 <strong>\u2013\u00a0<\/strong>Plurism \u2013 im eiszueis &#8211; ABGESAGT<br>16. Januar 2021\u00a0<strong>\u2013<\/strong>\u00a0Bodan Art Orchestra\u00a0<strong>\u2013<\/strong>\u00a0im Blaswerk<br>VERSCHOBEN &#8211; Fr. 14. Januar 2022\u00a0<br>28. November 2020 &#8211; The Sad Pumpkins &#8211; Sad Christmas<br>20:15 &#8211; Ersatzprogramm\u00a0<br>28. November 2020\u00a0\u2013 Where&#8217;s Africa \u2013 im eiszueis &#8211; Abgesagt<br>17. November 2020 \u2013 Meta Zero \u2013\u00a0NEU: im Theaterhaus Thurgau<br>18. September 2020: Elias Wendel Quintett &#8211; Jazz on Cello im eiszueis<br>4. Juli 2020: Raphael Jost Quintett bei Vollmondbar Weinfelden &#8211; ABGESAGT<br>19. Juni 2020: Partik Kessler (Kontrabass, SUI) &#8211; ABGESAGT wegen Covid-19<br>mit Ray Anderson ( Posaune, NYC ) und Felix St\u00fcssi ( Klavier, CAN )\u00a0<br>8. Mai 2020: Woodoism und ceo\u00df\u00df04 im eiszueis &#8211; ABGESAGT wegen Covid-19<br>30. April 2020: Gaptones bei Mad\u00f6rin Fr\u00fcchte und Gem\u00fcse &#8211; ABGESAGT wegen Covid-19<br>3. April 2020: PLURISM with Feya Faku im eiszueis &#8211; ABGESAGT wegen Covid-19<br>27. M\u00e4rz 2020: Bergerausch im Frohsinn &#8211; ABGESAGT wegen Covid-19<br>13. M\u00e4rz 2020: Spieltrieb im eiszueis &#8211; ABGESAGT wegen Covid-19<br>19. Februar 2020: Chiara Izzi Quartet\u00a0<br>17. Januar 2020: Benny Knecht Orchestra<br>23. November 2019: Gl\u00e4uffig im Blaswerk<br>9. November 2019: Eddie Daniels &amp; Atlantis Big Band im Thurgauerhof<br>im Rahmen des:\u00a0<a href=\"https:\/\/eventfrog.ch\/de\/p\/gruppen\/clarinet-weekend-weinfelden-mit-eddie-daniels-usa-6552127492407202667.html\">Clarinet Weekend Weinfelden mit Eddie Dianiels<\/a><br>vom Blaswerk Weinfelden organisiert\u00a0<br>6. November 2019 : Jazz &amp; Blues Jam | Frohsinn Session #2\u00a0<br>23. Oktober 2019 um 19:30 Uhr: Stefan Frommelt Trio im Frohsinn<br>8. Oktober 2019 um 20:15 Uhr: Meta Zero im Frohsinn<br>3. September 2019 um 19:30 Uhr: Opossum im Blaswerk\u00a0<br>5. Juli 2019: Traktorkestar beim klappentext<br>15. Juni 2019: Starch im Frohsinngarten ABGESAGT<br>neu spielt Pflantzpl\u00e4tz an diesem Abend!\u00a0<br>10. Mai 2019: Ikarus &#8211; Quintett im\u00a0<a href=\"http:\/\/www.eiszueis.ch\/veranstaltungen.html\">Forum eiszueis<\/a><br>24. April 2019:\u00a0<a href=\"https:\/\/franziskabruecker.com\/portfolio\/r-i-c-e\/\">Rice &#8211; Lea Dudzik &amp; Franziska Bruecker<\/a>\u00a0im klappentext<br>18. April 2019:\u00a0<a href=\"jazzbilder\/Jazzclub_Plakat_Ziggy Zeitlos_18Apr_kleintba.pdf\">Ziggy Zeitlos<\/a>\u00a0im klappentext<br>5. April 2019: Yves Theiler Trio im\u00a0<a href=\"http:\/\/www.eiszueis.ch\/veranstaltungen.html\">Forum eiszueis<\/a><br>22. Februar 2019: Trio Abend mit dem Kimm -Trio und dem TLT-Trio im\u00a0<a href=\"http:\/\/www.eiszueis.ch\/veranstaltungen.html\">Forum eiszueis<\/a><br>07. November 2018: <a href=\"jazzbilder\/Plakat Blues and Jazz Jam 2018.pdf\">Blues &amp; Jazz Jam im Frohsinn<\/a><br>19. Oktober 2018: Big Band Zug mit Mats Spielmann im Blaswerk<br>5. Oktober 2018: Les Chouettes im klappentext\u00a0<br>15. September 2018: CD-Releastour Judith Z\u00fcrcher im Frohsinn<br>08. September 2018: streetbandcontest auf dem Marktplatz\u00a0<br>Freitag 1.Juni 2018 20:15:The Niculin Janett Quartet feat. Rich Perry mit neuer CD<br>Freitag 16. M\u00e4rz 2018 20:15: Les Chouettes (20erJahre-Jazz ) im Frohsinn<br>Donnerstag 11.Januar 2018 20:15: klapparat aus Bern<br>Samstag 2. Dezember 2017: Linus NYC Quartet feat. Gizem Gokoglu<br>12. April 2017 um 19:30: Chiara Izzi quartet ON tour<br>01. Dezember 2016: The Niculin Janett Quartet feat. Rich Perry<\/p>\n<\/div>\n\n\n\n<div class=\"wp-block-column is-layout-flow wp-block-column-is-layout-flow\" style=\"flex-basis:30%\">\n<figure class=\"wp-block-image size-large\"><img loading=\"lazy\" decoding=\"async\" width=\"1024\" height=\"556\" src=\"https:\/\/8570jazzclub.ch\/wp-content\/uploads\/2024\/07\/IMG_6479-1024x556.jpeg\" alt=\"\" class=\"wp-image-153\" srcset=\"https:\/\/8570jazzclub.ch\/wp-content\/uploads\/2024\/07\/IMG_6479-1024x556.jpeg 1024w, https:\/\/8570jazzclub.ch\/wp-content\/uploads\/2024\/07\/IMG_6479-300x163.jpeg 300w, https:\/\/8570jazzclub.ch\/wp-content\/uploads\/2024\/07\/IMG_6479-768x417.jpeg 768w, https:\/\/8570jazzclub.ch\/wp-content\/uploads\/2024\/07\/IMG_6479-1536x834.jpeg 1536w, https:\/\/8570jazzclub.ch\/wp-content\/uploads\/2024\/07\/IMG_6479-2048x1111.jpeg 2048w\" sizes=\"auto, (max-width: 1024px) 100vw, 1024px\" \/><figcaption class=\"wp-element-caption\">Manon Mullener 5tet<\/figcaption><\/figure>\n\n\n\n<figure class=\"wp-block-image size-large is-resized\"><img loading=\"lazy\" decoding=\"async\" width=\"1024\" height=\"313\" src=\"https:\/\/8570jazzclub.ch\/wp-content\/uploads\/2024\/05\/Pfistermens-Friends-1024x313.jpeg\" alt=\"Pfistermen's Friends\" class=\"wp-image-147\" style=\"width:255px;height:auto\" srcset=\"https:\/\/8570jazzclub.ch\/wp-content\/uploads\/2024\/05\/Pfistermens-Friends-1024x313.jpeg 1024w, https:\/\/8570jazzclub.ch\/wp-content\/uploads\/2024\/05\/Pfistermens-Friends-300x92.jpeg 300w, https:\/\/8570jazzclub.ch\/wp-content\/uploads\/2024\/05\/Pfistermens-Friends-768x235.jpeg 768w, https:\/\/8570jazzclub.ch\/wp-content\/uploads\/2024\/05\/Pfistermens-Friends.jpeg 1241w\" sizes=\"auto, (max-width: 1024px) 100vw, 1024px\" \/><figcaption class=\"wp-element-caption\">Pfistermen&#8217;s Friends<\/figcaption><\/figure>\n\n\n\n<figure class=\"wp-block-image size-large\"><img loading=\"lazy\" decoding=\"async\" width=\"1702\" height=\"957\" src=\"https:\/\/8570jazzclub.ch\/wp-content\/uploads\/2023\/11\/IMG_5280-edited-1.jpeg\" alt=\"\" class=\"wp-image-96\" srcset=\"https:\/\/8570jazzclub.ch\/wp-content\/uploads\/2023\/11\/IMG_5280-edited-1.jpeg 1702w, https:\/\/8570jazzclub.ch\/wp-content\/uploads\/2023\/11\/IMG_5280-edited-1-300x169.jpeg 300w, https:\/\/8570jazzclub.ch\/wp-content\/uploads\/2023\/11\/IMG_5280-edited-1-1024x576.jpeg 1024w, https:\/\/8570jazzclub.ch\/wp-content\/uploads\/2023\/11\/IMG_5280-edited-1-768x432.jpeg 768w, https:\/\/8570jazzclub.ch\/wp-content\/uploads\/2023\/11\/IMG_5280-edited-1-1536x864.jpeg 1536w\" sizes=\"auto, (max-width: 1702px) 100vw, 1702px\" \/><figcaption class=\"wp-element-caption\">KLARO! &#8211; Jazzquartett<\/figcaption><\/figure>\n\n\n\n<figure class=\"wp-block-image size-large is-resized is-style-default\"><a href=\"https:\/\/8570jazzclub.ch\/wp-content\/uploads\/2023\/10\/CarolineFerrara-2.jpg\"><img loading=\"lazy\" decoding=\"async\" width=\"1024\" height=\"494\" src=\"https:\/\/8570jazzclub.ch\/wp-content\/uploads\/2023\/10\/CarolineFerrara-2-1024x494.jpg\" alt=\"\" class=\"wp-image-80\" style=\"aspect-ratio:2.0728744939271255;width:255px;height:auto\" srcset=\"https:\/\/8570jazzclub.ch\/wp-content\/uploads\/2023\/10\/CarolineFerrara-2-1024x494.jpg 1024w, https:\/\/8570jazzclub.ch\/wp-content\/uploads\/2023\/10\/CarolineFerrara-2-300x145.jpg 300w, https:\/\/8570jazzclub.ch\/wp-content\/uploads\/2023\/10\/CarolineFerrara-2-768x370.jpg 768w, https:\/\/8570jazzclub.ch\/wp-content\/uploads\/2023\/10\/CarolineFerrara-2.jpg 1500w\" sizes=\"auto, (max-width: 1024px) 100vw, 1024px\" \/><\/a><figcaption class=\"wp-element-caption\">Caroline Ferrara<\/figcaption><\/figure>\n\n\n\n<figure class=\"wp-block-image size-large\"><img loading=\"lazy\" decoding=\"async\" width=\"1024\" height=\"497\" src=\"https:\/\/8570jazzclub.ch\/wp-content\/uploads\/2023\/10\/IMG-20190406-WA0002-1024x497.jpg\" alt=\"\" class=\"wp-image-81\" srcset=\"https:\/\/8570jazzclub.ch\/wp-content\/uploads\/2023\/10\/IMG-20190406-WA0002-1024x497.jpg 1024w, https:\/\/8570jazzclub.ch\/wp-content\/uploads\/2023\/10\/IMG-20190406-WA0002-300x146.jpg 300w, https:\/\/8570jazzclub.ch\/wp-content\/uploads\/2023\/10\/IMG-20190406-WA0002-768x373.jpg 768w, https:\/\/8570jazzclub.ch\/wp-content\/uploads\/2023\/10\/IMG-20190406-WA0002-1536x746.jpg 1536w, https:\/\/8570jazzclub.ch\/wp-content\/uploads\/2023\/10\/IMG-20190406-WA0002.jpg 1600w\" sizes=\"auto, (max-width: 1024px) 100vw, 1024px\" \/><figcaption class=\"wp-element-caption\">Yves Theiler Trio<\/figcaption><\/figure>\n\n\n\n<figure class=\"wp-block-image size-large\"><img loading=\"lazy\" decoding=\"async\" width=\"1024\" height=\"374\" src=\"https:\/\/8570jazzclub.ch\/wp-content\/uploads\/2023\/10\/LucianaMorelli-2-1024x374.jpg\" alt=\"\" class=\"wp-image-79\" srcset=\"https:\/\/8570jazzclub.ch\/wp-content\/uploads\/2023\/10\/LucianaMorelli-2-1024x374.jpg 1024w, https:\/\/8570jazzclub.ch\/wp-content\/uploads\/2023\/10\/LucianaMorelli-2-300x110.jpg 300w, https:\/\/8570jazzclub.ch\/wp-content\/uploads\/2023\/10\/LucianaMorelli-2-768x281.jpg 768w, https:\/\/8570jazzclub.ch\/wp-content\/uploads\/2023\/10\/LucianaMorelli-2.jpg 1500w\" sizes=\"auto, (max-width: 1024px) 100vw, 1024px\" \/><figcaption class=\"wp-element-caption\">Luciana Morelli<\/figcaption><\/figure>\n\n\n\n<figure class=\"wp-block-image size-large\"><img loading=\"lazy\" decoding=\"async\" width=\"1024\" height=\"296\" src=\"https:\/\/8570jazzclub.ch\/wp-content\/uploads\/2023\/10\/SOFIA-2-1024x296.jpg\" alt=\"\" class=\"wp-image-78\" srcset=\"https:\/\/8570jazzclub.ch\/wp-content\/uploads\/2023\/10\/SOFIA-2-1024x296.jpg 1024w, https:\/\/8570jazzclub.ch\/wp-content\/uploads\/2023\/10\/SOFIA-2-300x87.jpg 300w, https:\/\/8570jazzclub.ch\/wp-content\/uploads\/2023\/10\/SOFIA-2-768x222.jpg 768w, https:\/\/8570jazzclub.ch\/wp-content\/uploads\/2023\/10\/SOFIA-2.jpg 1500w\" sizes=\"auto, (max-width: 1024px) 100vw, 1024px\" \/><figcaption class=\"wp-element-caption\">SOFIA<\/figcaption><\/figure>\n\n\n\n<figure class=\"wp-block-image size-large\"><img loading=\"lazy\" decoding=\"async\" width=\"1024\" height=\"509\" src=\"https:\/\/8570jazzclub.ch\/wp-content\/uploads\/2023\/10\/SwantJe-2-1024x509.jpg\" alt=\"\" class=\"wp-image-77\" srcset=\"https:\/\/8570jazzclub.ch\/wp-content\/uploads\/2023\/10\/SwantJe-2-1024x509.jpg 1024w, https:\/\/8570jazzclub.ch\/wp-content\/uploads\/2023\/10\/SwantJe-2-300x149.jpg 300w, https:\/\/8570jazzclub.ch\/wp-content\/uploads\/2023\/10\/SwantJe-2-768x382.jpg 768w, https:\/\/8570jazzclub.ch\/wp-content\/uploads\/2023\/10\/SwantJe-2-1536x764.jpg 1536w, https:\/\/8570jazzclub.ch\/wp-content\/uploads\/2023\/10\/SwantJe-2.jpg 1546w\" sizes=\"auto, (max-width: 1024px) 100vw, 1024px\" \/><figcaption class=\"wp-element-caption\">Swantje<\/figcaption><\/figure>\n\n\n\n<figure class=\"wp-block-image size-full\"><img loading=\"lazy\" decoding=\"async\" width=\"1000\" height=\"667\" src=\"https:\/\/8570jazzclub.ch\/wp-content\/uploads\/2023\/10\/ikarus.jpg\" alt=\"\" class=\"wp-image-82\" srcset=\"https:\/\/8570jazzclub.ch\/wp-content\/uploads\/2023\/10\/ikarus.jpg 1000w, https:\/\/8570jazzclub.ch\/wp-content\/uploads\/2023\/10\/ikarus-300x200.jpg 300w, https:\/\/8570jazzclub.ch\/wp-content\/uploads\/2023\/10\/ikarus-768x512.jpg 768w, https:\/\/8570jazzclub.ch\/wp-content\/uploads\/2023\/10\/ikarus-120x80.jpg 120w\" sizes=\"auto, (max-width: 1000px) 100vw, 1000px\" \/><figcaption class=\"wp-element-caption\">IKARUS<\/figcaption><\/figure>\n\n\n\n<figure class=\"wp-block-image size-full\"><img loading=\"lazy\" decoding=\"async\" width=\"1000\" height=\"429\" src=\"https:\/\/8570jazzclub.ch\/wp-content\/uploads\/2023\/10\/IMG_0333.jpg\" alt=\"\" class=\"wp-image-86\" srcset=\"https:\/\/8570jazzclub.ch\/wp-content\/uploads\/2023\/10\/IMG_0333.jpg 1000w, https:\/\/8570jazzclub.ch\/wp-content\/uploads\/2023\/10\/IMG_0333-300x129.jpg 300w, https:\/\/8570jazzclub.ch\/wp-content\/uploads\/2023\/10\/IMG_0333-768x329.jpg 768w\" sizes=\"auto, (max-width: 1000px) 100vw, 1000px\" \/><figcaption class=\"wp-element-caption\">Where&#8217;s Africa<\/figcaption><\/figure>\n\n\n\n<figure class=\"wp-block-image size-large\"><img loading=\"lazy\" decoding=\"async\" width=\"1024\" height=\"345\" src=\"https:\/\/8570jazzclub.ch\/wp-content\/uploads\/2023\/10\/NiculinJanettEnsemble-1024x345.jpeg\" alt=\"\" class=\"wp-image-88\" srcset=\"https:\/\/8570jazzclub.ch\/wp-content\/uploads\/2023\/10\/NiculinJanettEnsemble-1024x345.jpeg 1024w, https:\/\/8570jazzclub.ch\/wp-content\/uploads\/2023\/10\/NiculinJanettEnsemble-300x101.jpeg 300w, https:\/\/8570jazzclub.ch\/wp-content\/uploads\/2023\/10\/NiculinJanettEnsemble-768x259.jpeg 768w, https:\/\/8570jazzclub.ch\/wp-content\/uploads\/2023\/10\/NiculinJanettEnsemble-1536x518.jpeg 1536w, https:\/\/8570jazzclub.ch\/wp-content\/uploads\/2023\/10\/NiculinJanettEnsemble-2048x691.jpeg 2048w\" sizes=\"auto, (max-width: 1024px) 100vw, 1024px\" \/><figcaption class=\"wp-element-caption\">Niculin Janett Ensemble<\/figcaption><\/figure>\n\n\n\n<figure class=\"wp-block-image size-large\"><img loading=\"lazy\" decoding=\"async\" width=\"1024\" height=\"677\" src=\"https:\/\/8570jazzclub.ch\/wp-content\/uploads\/2023\/10\/Konzert-Klapparat-2018-30-1-1024x677.jpeg\" alt=\"\" class=\"wp-image-87\" srcset=\"https:\/\/8570jazzclub.ch\/wp-content\/uploads\/2023\/10\/Konzert-Klapparat-2018-30-1-1024x677.jpeg 1024w, https:\/\/8570jazzclub.ch\/wp-content\/uploads\/2023\/10\/Konzert-Klapparat-2018-30-1-300x198.jpeg 300w, https:\/\/8570jazzclub.ch\/wp-content\/uploads\/2023\/10\/Konzert-Klapparat-2018-30-1-768x508.jpeg 768w, https:\/\/8570jazzclub.ch\/wp-content\/uploads\/2023\/10\/Konzert-Klapparat-2018-30-1-120x80.jpeg 120w, https:\/\/8570jazzclub.ch\/wp-content\/uploads\/2023\/10\/Konzert-Klapparat-2018-30-1.jpeg 1280w\" sizes=\"auto, (max-width: 1024px) 100vw, 1024px\" \/><figcaption class=\"wp-element-caption\">klapparat<\/figcaption><\/figure>\n<\/div>\n<\/div>\n","protected":false},"excerpt":{"rendered":"<p>Freitag 21. M\u00e4rz 2025 &#8211; Skyjack &#8211; im goldenen DachsFreitag 14. Februar 2025 &#8211; Simon Spiess Helio &#8211; im goldenen DachsFreitag 10. Januar 2025 &#8211; Bodan Art Orchestra &#8211; RathaussaalFreitag 29. November 2024 &#8211; Ronin &#8211; im goldenen DachsFreitag 27. September 2024 &#8211; Claude Diallo Situation &#8211; im goldenen DachsFreitag 31. Mai 2024 &#8211; Manon Mullener 5tet &#8211; im eiszueisFreitag 26. April 2024 &#8211; Pfistermen&#8217;s Friends &#8211; im eiszueisFreitag 22. &hellip;<\/p>\n","protected":false},"author":1,"featured_media":0,"parent":0,"menu_order":0,"comment_status":"closed","ping_status":"closed","template":"","meta":{"footnotes":""},"class_list":["post-42","page","type-page","status-publish","hentry"],"_links":{"self":[{"href":"https:\/\/8570jazzclub.ch\/index.php\/wp-json\/wp\/v2\/pages\/42","targetHints":{"allow":["GET"]}}],"collection":[{"href":"https:\/\/8570jazzclub.ch\/index.php\/wp-json\/wp\/v2\/pages"}],"about":[{"href":"https:\/\/8570jazzclub.ch\/index.php\/wp-json\/wp\/v2\/types\/page"}],"author":[{"embeddable":true,"href":"https:\/\/8570jazzclub.ch\/index.php\/wp-json\/wp\/v2\/users\/1"}],"replies":[{"embeddable":true,"href":"https:\/\/8570jazzclub.ch\/index.php\/wp-json\/wp\/v2\/comments?post=42"}],"version-history":[{"count":21,"href":"https:\/\/8570jazzclub.ch\/index.php\/wp-json\/wp\/v2\/pages\/42\/revisions"}],"predecessor-version":[{"id":264,"href":"https:\/\/8570jazzclub.ch\/index.php\/wp-json\/wp\/v2\/pages\/42\/revisions\/264"}],"wp:attachment":[{"href":"https:\/\/8570jazzclub.ch\/index.php\/wp-json\/wp\/v2\/media?parent=42"}],"curies":[{"name":"wp","href":"https:\/\/api.w.org\/{rel}","templated":true}]}}